
1
What is the value of (-1 - -5) + 7 + -12?
-1
Evaluate -4 - (-2 + 3) - -2.
-3
-4 - (-8 + 10 + -11)
5
Evaluate 2 + (-4 - -2) + -1.
-1
(66 - 71) + (2 - 0 - 4)
-7
What is the value of 1 + (-2 - 1) + 2?
0
Calculate 1 + -4 + -2 + 42 + -40.
-3
-10 + 10 + 0 + -4 + 0
-4
What is the value of 1 + (5 - (1 - -1))?
4
What is the value of 3 + -3 + 4 + -4 + -1?
-1
What is the value of 9 + (-11 - (5 - 3))?
-4
What is (1 - 2 - -2) + (-35 - -27)?
-7
Calculate -8 - -5 - 5 - -11.
3
What is the value of (-4 - -1) + 0 + -20 + 13?
-10
What is the value of -5 - -6 - -2 - 0?
3
What is the value of (-4 + 1 - 1) + -1 + 0?
-5
What is the value of (-2 - -5) + -7 + 4?
0
What is the value of (-6 - 2) + 4 + 3 + 2?
1
Calculate -1 - -3 - (1 + 2 - 0).
-1
What is the value of -4 - 5 - -1 - (-1 + 0)?
-7
Calculate (2 - -1) + (-16 - -16).
3
What is -1 + 2 - (-1 - (-5 + 2))?
-1
5 + (3 - 3) - -3
8
What is 3 - (0 + 1 + (-3 - -7))?
-2
What is (-2 - (2 - 2)) + 2 + 1?
1
What is 8 + -24 + 10 + 3?
-3
Calculate -2 + 21 - (-30 - -42).
7
Calculate 4 - (-2 - -9) - (2 - 6).
1
What is the value of (-3 - 1) + (-22 - -10) + 13?
-3
Calculate 2 + -1 - -6 - (4 + -1).
4
-3 - (-1 + 0 - -2) - -1
-3
(4 - 6) + -2 + 7 + -1
2
Evaluate 10 + -20 + 8 - (-5 - 0).
3
Calculate -10 - (-8 - (0 - -2)).
0
-6 - (0 - 1) - -1
-4
Evaluate -6 - (-8 + 1 - -3).
-2
What is the value of (16 - 2) + (-11 - (-1 - 2))?
6
What is -7 - (8 + -7 + (-7 - 1))?
0
Evaluate (3 - 3) + (-1 - 1) + -1.
-3
Calculate 1 - (3 - (8 - 4)).
2
Evaluate 1 - (-1 - -4) - 2.
-4
What is (-1 - 1) + 21 + -20?
-1
(-4 + 11 - 13) + -2 - -4
-4
-14 + 17 + -9 + 0
-6
Evaluate -3 - (-8 + 1 - 0).
4
Calculate 7 + 3 + -2 - (-36 - -41).
3
13 - (15 - (1 + 5))
4
What is 0 + (-2 - 1) - (2 + -1)?
-4
What is 5 - ((-23 + 8 - -7) + 20)?
-7
Evaluate -1 + 9 - (41 + -28).
-5
What is the value of -5 - (-9 + (-1 - -5))?
0
Evaluate -2 - (-4 + (-5 - -10)).
-3
-2 + (2 - (0 + -1) - 6)
-5
What is the value of -7 - -1 - (0 - (-1 - -7))?
0
What is the value of -27 + 23 - (-1 + 0 + 0)?
-3
0 + -4 + 8 + 0 + -2
2
What is the value of (19 - 7) + -6 + -2?
4
(14 - (-13 - -21)) + -9
-3
What is (8 - 5) + -1 + -7?
-5
Evaluate 4 - (-2 + -3 + 0 + 13).
-4
Calculate 9 - (13 - 11) - 7.
0
What is 0 + 4 - (24 + -20) - 4?
-4
8 - (-3 + 0 + (46 - 40))
5
Calculate (-19 - (-7 + 0)) + 4.
-8
What is the value of 68 - 59 - (-2 - -1 - -4)?
6
Calculate 1 + -4 + (-1 - -4) + -4.
-4
Calculate (3 - (1 + 0)) + (-2 - -2).
2
4 + 0 - (-1 + 4 + -5)
6
Evaluate -7 + (11 - 5) + -6.
-7
8 - (1 + 0) - 4
3
0 - (-2 + 0) - (4 - 7)
5
Evaluate -9 - (2 - 1 - 4).
-6
What is the value of -4 - (-6 - (16 + -15))?
3
Evaluate -8 + 3 + -3 + 10.
2
What is the value of 1 + 9 + -3 + -14?
-7
-1 + -6 - (-1 - (-1 - -3))
-4
Evaluate 2 + (-3 - -2) - (14 - 16).
3
2 + -2 + -3 - -7
4
What is -2 - -13 - (10 + 0)?
1
What is 6 - (-3 + 9 + -5)?
5
What is 0 + -1 + (27 - 23)?
3
What is the value of 8 + -11 + (4 - (-3 - -10))?
-6
Evaluate 74 + -69 + -2 + (-2 - 0).
1
Evaluate 0 - (0 - (-8 + 3)).
-5
Evaluate 2 - (-9 + 7 - (-5 - 0)).
-1
Calculate (5 - -1) + -4 + -2.
0
(-3 - -5) + (-4 - (-3 - -1))
0
18 - (12 + 9 + -7)
4
Calculate 1 + -4 - -1 - (2 + 0).
-4
What is (1 + -2 - -2) + -20 + 22?
3
What is (8 - (4 + 1)) + 1 + -1?
3
Calculate -1 + 6 + (-2 - 8).
-5
What is the value of -4 - (1 + 3 - 11)?
3
What is -13 - 4 - (-2 - 8)?
-7
7 + (6 - (-2 + 10))
5
(-21 - -13) + (-2 - -8)
-2
Evaluate -18 - -24 - (-3 + -1 - -13).
-3
What is -11 - -8 - -9 - 9?
-3
What is the value of -4 + 3 + -8 + 4?
-5
Calculate (-1 - 2) + -43 + 50.
4
What is the value of (4 - (0 + 0 - -6)) + 2?
0
What is (5 - 8) + -7 - -9?
-1
Evaluate (-1 - (-1 + 3)) + -2.
-5
Calculate -2 + 0 + 2 + (-3 - 0).
-3
Calculate -2 + 11 + -14 + (2 - 1).
-4
What is the value of (10 - 7) + (5 + -5 - 6)?
-3
What is -23 + 17 - (-3 - 1 - -1)?
-3
What is -27 + 14 + 17 - -2?
6
What is the value of -4 + (9 - (18 + -14))?
1
-6 + 0 + (1 - -2) - -2
-1
-13 - ((12 - 2) + -15)
-8
Evaluate 2 + -7 + 3 + 5.
3
Evaluate (12 - -1) + -3 + -4.
6
What is -1 + 1 + -2 + (-4 - -2)?
-4
What is the value of (-5 - -12) + (-2 - 3)?
2
Calculate -2 + (-1 + 2 - (0 + 2)).
-3
24 + -23 + (0 - 5)
-4
What is 1 - 0 - (4 + 0 + -3)?
0
What is (6 - 3) + -1 + 2 + -8?
-4
What is the value of 2 + (2 - 5) + -1 + 5?
3
8 + -5 + -5 + -1
-3
-10 - (3 + -8) - -8
3
(-8 - (0 - 3)) + 6
1
What is the value of (-2 - 1) + 5 + -3?
-1
What is the value of 2 - ((2 - 1) + 2)?
-1
Calculate (-6 - 2) + (14 - 14) - -5.
-3
What is the value of -10 - (6 + -17) - -1?
2
Calculate 0 + 1 + 5 + 66 + -70.
2
Calculate 7 - (-2 + -2 + 3 + 4).
4
Evaluate 7 + (3 - -3 - 11).
2
What is the value of 0 - (1 - -3) - -2?
-2
What is -13 + 5 + 0 + 5?
-3
3 + (-6 - -1) + 5 - -5
8
-8 - -13 - -2 - -3
10
32 - 26 - (0 - -1)
5
Calculate 2 - (1 + (5 - 10)).
6
Evaluate 8 - (-17 + 8 - -20).
-3
What is the value of -5 + 0 + 4 - 2?
-3
What is (-4 - -7) + (1 - 5)?
-1
What is the value of -9 - -19 - (4 + 1)?
5
(0 - 5 - -2) + 5 - 3
-1
Calculate 2 - -10 - 5 - (6 + -5).
6
Evaluate (3 - (-7 + 1 - -6)) + 2.
5
What is the value of 1 + 4 + 3 + -26 + 24?
6
-1 - (-1 - -4) - 1
-5
Evaluate 2 + (0 - 0) - 7.
-5
Evaluate (-3 - 1) + (0 - 5) + 4.
-5
Calculate -1 + 2 + -9 + 6.
-2
Calculate 6 + -3 + (7 - 6).
4
What is 2 - -10 - (-42 - -47)?
7
Evaluate (3 - 1) + (-1 - 1) - 4.
-4
What is (-65 - -72) + (2 - 13)?
-4
-3 + (1 - 1) - (-274 + 269)
2
Evaluate 0 + 2 + 5 - 5.
2
What is the value of 9 + -5 + -4 + 0 + -5?
-5
Evaluate -4 + (-5 - (3 + -7)) + -1.
-6
What is the value of -5 + 4 + 3 - 2?
0
Calculate 2 + -6 + -2 + 4 + 0.
-2
What is the value of 2 - 4 - (-10 + 4)?
4
What is 2 - ((0 - -3) + (17 - 17))?
-1
What is -1 + (7 - (8 - 1))?
-1
What is the value of 37 + -35 + (2 - 2)?
2
Calculate -20 + 13 - (-1 - (1 - -7)).
2
What is the value of -5 + (-3 - -3 - -2) + 2?
-1
Evaluate -5 + 1 + 6 - 7.
-5
0 + (1 - 7 - 0) + 15
9
What is 8 + -2 + -14 + 19?
11
What is the value of 0 + (3 - (0 - (-4 + -3)))?
-4
Calculate 4 + -2 + -1 - (1 - 1).
1
What is 1 + 1 + -74 + 69?
-3
What is 9 + -6 + -6 - 4?
-7
-3 + 1 + (-2 - (-4 + -5))
5
Calculate -15 + 14 - (-9 + 1).
7
What is the value of -85 - -75 - (1 + -3)?
-8
What is the value of -1 + -13 - (1 + -13)?
-2
Evaluate (2 - 5) + (2 + -1 - -2).
0
What is the value of -1 + -2 - (-1 + 5 + -5)?
-2
What is the value of -2 - (1 + -4 + 8 + -7)?
0
-2 - (1 - (3 - (8 + -3)))
-5
What is the value of -6 - (4 - (-2 - 2 - -9))?
-5
Calculate (0 - (1 - 2)) + 16 + -17.
0
What is (7 - 6) + -1 + -5?
-5
Calculate 4 + -3 + 1 + 2.
4
Evaluate 1 + 1 - (31 + -24).
-5
13 - (5 - 6) - (-1 + 5)
10
1 + (6 - 2) - 1
4
What is 1 + -2 + (12 - (7 - -1))?
3
What is 9 + 0 + -7 + -1?
1
What is the value of -13 + 10 + -9 + (0 - -4)?
-8
Calculate (4 + -3 + 2 - 5) + 7.
5
Calculate (3 - (1 - 0)) + -2.
0
4 - 3 - 3 - (-6 + 4)
0
-4 - (-9 + -3 + 6)
2
What is -6 + (6 - (4 - 3)) + 2?
1
What is 0 + 1 + (-1 - (11 + -8))?
-3
Evaluate (-11 - (-3 + 0)) + 4 + 2.
-2
Evaluate -6 - -6 - ((-3 - -7) + -1).
-3
Evaluate -14 + 15 - (-3 - (0 - -1)).
5
What is -2 - (1 + -6) - 15 - -3?
-9
1 + -5 + -21 + 25
0
Evaluate 1 - -1 - (-44 + 51).
-5
What is 5 - 1 - 3 - (5 + -5)?
1
What is the value of 2 + (3 - 5 - -1)?
1
129 + -133 - (3 + -1 - 1)
-5
Calculate 2 + (-9 - (-3 + 0) - -1).
-3
What is the value of (1 - 2) + 1 + 1 + -5?
-4
What is the value of 13 + 1 - (8 + (0 - 2))?
8
0 + -5 + (3 - (-6 + 5))
-1
What is -4 + -1 - (12 - -2 - 9)?
-10
Evaluate (0 + -1 - -2) + (-5 - -2).
-2
What is the value of (-2 + 3 - 2) + 6 + -12?
-7
What is -2 + -4 + 7 - -6?
7
What is the value of 1 - (4 - 8 - -1) - -1?
5
Evaluate (-22 - -20) + (2 - 3).
-3
Evaluate 9 - 13 - (-3 + -1 + 3).
-3
What is -1 + -5 - (119 + -116)?
-9
Evaluate 3 + -2 + (-9 - -4 - -10).
6
What is -1 - -7 - (7 + -2 + 0)?
1
What is the value of 2 - (1 + -4 - (-14 - -12))?
3
Evaluate 2 + 5 + -10 + -1.
-4
-2 + 1 - (-7 + 5)
1
-5 + 8 + -2 - -2
3
(2 - 6) + 2 - (1 + -2)
-1
Evaluate -18 + -1 + 7 + 15.
3
What is the value of 1 + (-6 + -1 - -5)?
-1
What is the value of 3 + (4 - (-2 - -15)) + 3?
-3
Evaluate (-6 - (-9 - (3 + -6))) + 6.
6
What is -9 + 8 + -4 + (-1 - -1)?
-5
Evaluate (2 - -3) + (-2 - 4).
-1
What is the value of 27 + -25 - (5 + -1)?
-2
-3 - ((-4 - -1) + 3)
-3
What is (-10 - 0) + 35 + -30?
-5
What is -7 + 7 + (5 - 1)?
4
What is the value of (0 - 2 - 4) + 3?
-3
Calculate (-5 - -3 - 2) + 1.
-3
-1 - 5 - (-109 - -111)
-8
What is 0 - (-